111010
Convert 10583 (base 12) to base 5.
1142210
-101110101 (base 2) to base 4
-11311
-431122 (base 6) to base 11
-24543
What is -10001111000110111 (base 2) in base 15?
-16a9b
Convert 3a49 (base 15) to base 10.
12444
Convert 143100 (base 5) to base 8.
13611
What is -100312 (base 5) in base 16?
-c87
Convert -6566 (base 8) to base 11.
-2653
What is -1cba (base 16) in base 3?
-101002101
What is 100001100000 (base 2) in base 16?
860
What is -19d3 (base 16) in base 3?
-100001212
Convert 22101 (base 6) to base 3.
11012101
-31a7 (base 13) to base 10
-6897
What is 1143 (base 14) in base 16?
bb7
What is 102001 (base 3) in base 12?
20a
226 (base 7) to base 11
a8
-110001011101 (base 2) to base 15
-e10
-92c (base 15) to base 13
-c30
-2e7 (base 15) to base 13
-3c4
What is -2d0f (base 16) in base 4?
-2310033
-807 (base 10) to base 14
-419
Convert 1210222 (base 3) to base 13.
7a9
What is -2346 (base 9) in base 5?
-23433
Convert 110101020 (base 3) to base 11.
6864
101001 (base 3) to base 16
10f
-2121002002 (base 3) to base 2
-1100011110001110
100030 (base 4) to base 6
4444
What is -47510 (base 8) in base 13?
-9313
Convert 1150 (base 6) to base 9.
343
-1041 (base 9) to base 16
-2fe
-2b0c (base 16) to base 3
-120010011
Convert -4012 (base 5) to base 16.
-1fb
What is 401 (base 16) in base 9?
1358
Convert 328 (base 15) to base 2.
1011001001
-1301 (base 4) to base 16
-71
-131613 (base 7) to base 5
-1242112
What is 1010110111011 (base 2) in base 10?
5563
What is 7b90 (base 12) in base 3?
200220200
What is 6015 (base 7) in base 14?
a7c
Convert 57644 (base 8) to base 14.
8ccc
What is 643 (base 11) in base 5?
11043
Convert 411324 (base 6) to base 16.
7fe4
What is -8905 (base 12) in base 10?
-15125
526 (base 16) to base 2
10100100110
10001100100 (base 2) to base 9
1478
1189 (base 14) to base 12
1931
Convert -25035 (base 7) to base 3.
-22222100
Convert 111111010 (base 2) to base 7.
1322
What is 234112 (base 5) in base 7?
34145
Convert -150a (base 11) to base 4.
-132122
What is 2133313 (base 4) in base 5?
311411
Convert 4245 (base 13) to base 4.
2033133
Convert 3558 (base 11) to base 2.
1001000110101
Convert -101010011111110 (base 2) to base 4.
-11103332
-425 (base 7) to base 4
-3113
4270a (base 11) to base 5
3441313
Convert 2370a (base 11) to base 3.
1201211011
Convert -112 (base 7) to base 2.
-111010
271 (base 15) to base 5
4211
1260 (base 15) to base 8
7513
34131 (base 5) to base 14
c48
What is 312 (base 14) in base 5?
4404
-4bb6 (base 14) to base 5
-411132
What is 1763 (base 16) in base 13?
2957
What is -12122 (base 4) in base 8?
-632
What is 129d (base 15) in base 5?
111343
-12001 (base 6) to base 14
-8b7
What is -100010111100100 (base 2) in base 7?
-103110
What is 126150 (base 8) in base 16?
ac68
What is -abff (base 16) in base 4?
-22233333
-1ec7 (base 15) to base 12
-3a74
What is -38596 (base 10) in base 15?
-b681
What is -1484 (base 13) in base 2?
-101110100101
Convert -30b9 (base 14) to base 11.
-6342
Convert -220002 (base 4) to base 5.
-40222
-30166 (base 9) to base 5
-1113244
What is 1000101101010 (base 2) in base 13?
204c
Convert -b525 (base 12) to base 10.
-19757
130011 (base 4) to base 14
925
What is 1661 (base 7) in base 5?
10210
What is 2c (base 16) in base 5?
134
Convert 38c9 (base 16) to base 11.
aa16
What is 411 (base 11) in base 15?
231
-6041 (base 14) to base 9
-24586
-76b (base 16) to base 9
-2540
What is 102420 (base 8) in base 6?
421412
-de7 (base 15) to base 2
-110001000110
What is 201122 (base 3) in base 10?
530
What is -62 (base 9) in base 11?
-51
23447 (base 9) to base 4
3310330
What is -13d (base 15) in base 7?
-553
What is -2408 (base 13) in base 11?
-38a7
-131165 (base 7) to base 5
-1240244
883 (base 9) to base 11
5a8
Convert 13103 (base 4) to base 8.
723
What is -245410 (base 7) in base 16?
-b050
-14031 (base 6) to base 9
-2881
-2664 (base 15) to base 12
-48aa
-1372 (base 9) to base 12
-725
2e05 (base 16) to base 11
8940
110120 (base 3) to base 7
663
What is -3120 (base 11) in base 8?
-10050
What is -1101111011000 (base 2) in base 9?
-10700
What is -201212 (base 3) in base 6?
-2252
13233 (base 5) to base 10
1068
What is -2467 (base 10) in base 15?
-ae7
23010 (base 4) to base 5
10313
What is 1506b (base 13) in base 16?
9ad3
What is -320 (base 4) in base 10?
-56
Convert 13030 (base 4) to base 3.
122001
-2634 (base 12) to base 7
-15466
Convert 36 (base 9) to base 2.
100001
What is -9aab (base 15) in base 6?
-411442
What is 301020 (base 5) in base 4?
2110212
239 (base 10) to base 9
285
Convert 110010101 (base 2) to base 13.
252
Convert 1b6a (base 14) to base 9.
6758
What is -25a (base 13) in base 16?
-19d
-7cb (base 14) to base 5
-22201
Convert -32a6 (base 15) to base 5.
-320411
-11013 (base 4) to base 3
-110010
What is -66 (base 8) in base 7?
-105
Convert 328 (base 12) to base 2.
111010000
3013 (base 7) to base 12
727
Convert -1a9 (base 11) to base 10.
-240
Convert -41110 (base 9) to base 14.
-9c11
55 (base 9) to base 6
122
-2138 (base 10) to base 9
-2835
8b8 (base 12) to base 2
10100001100
Convert 4055 (base 9) to base 8.
5626
Convert 1cb2 (base 13) to base 8.
10422
What is 235 (base 14) in base 3?
121021
16db (base 15) to base 6
34455
Convert 58784 (base 10) to base 15.
1263e
Convert -1024 (base 13) to base 2.
-100010110011
What is 10003 (base 6) in base 13?
78c
1100212 (base 3) to base 9
1325
What is 1a9 (base 12) in base 6?
1133
What is -11011110100000 (base 2) in base 16?
-37a0
-114112 (base 5) to base 7
-15325
Convert 861 (base 16) to base 3.
2221110
Convert -1662 (base 9) to base 8.
-2367
Convert 1588 (base 13) to base 14.
1214
What is 100010111 (base 2) in base 9?
340
What is -3306 (base 7) in base 13?
-6cc
What is 261553 (base 7) in base 3?
2110201201
486 (base 13) to base 14
402
-36001 (base 7) to base 9
-13631
Convert -22210201 (base 3) to base 10.
-6418
What is -41341 (base 5) in base 7?
-10635
Convert -a57 (base 11) to base 12.
-8a0
Convert -151 (base 7) to base 10.
-85
What is 102200 (base 3) in base 9?
380
Convert -9cd (base 14) to base 12.
-1161
What is -2210120210 (base 3) in base 15?
-114d6
Convert 7521 (base 10) to base 9.
11276
What is -2615 (base 7) in base 9?
-1322
-2328 (base 9) to base 11
-1330
332 (base 11) to base 15
1b8
4012234 (base 5) to base 2
1111011111010100
Convert 10000221222 (base 3) to base 14.
17abc
Convert 161a (base 11) to base 14.
a86
What is 42a (base 13) in base 11?
598
Convert -231 (base 4) to base 11.
-41
Convert -242 (base 9) to base 6.
-532
What is 1502 (base 11) in base 7?
5436
What is f1 (base 16) in base 12?
181
Convert 7059 (base 11) to base 8.
22245
What is 202735 (base 8) in base 10?
67037
Convert -a24 (base 12) to base 4.
-112330
-21145 (base 11) to base 5
-1441113
Convert -13201 (base 4) to base 3.
-122211
-227 (base 13) to base 6
-1415
Convert d0 (base 15) to base 3.
21020
What is -11002 (base 12) in base 14?
-828a
Convert -60026 (base 9) to base 7.
-222561
1110001101 (base 2) to base 14
48d
Convert 8 (base 9) to base 15.
8
-2106 (base 14) to base 4
-1120322
Convert -111000011110 (base 2) to base 11.
-2796
Convert 3533 (base 10) to base 14.
1405
-1e7b (base 15) to base 8
-14761
Convert -12266 (base 12) to base 4.
-11333232
0 (base 5) to base 15
0
-220120211 (base 3) to base 12
-a457
202011022 (base 3) to base 14
54da
Convert -23256 (base 9) to base 12.
-8b96
Convert 323333 (base 4) to base 13.
1994
What is f51b (base 16) in base 5?
4001442
367 (base 11) to base 9
534
What is -102220 (base 3) in base 15?
-166
Convert 14235 (base 10) to base 12.
82a3
Convert -30117 (base 8) to base 16.
-304f
-19784 (base 11) to base 3
-1101210201
Convert 143223 (base 5) to base 2.
1011110101111
Convert 10010020 (base 3) to base 2.
100011100010
2414 (base 14) to base 8
14222
What is 6b65 (base 12) in base 9?
17445
-603 (base 8) to base 9
-470
Convert 1176 (base 13) to base 5.
34323
Convert -219b1 (base 13) to base 14.
-18320
Convert -20103203 (base 4) to base 8.
-102343
What is -3547b (base 12) in base 5?
-4242034
What is 27 (base 11) in base 13?
23
Convert b31a (base 13) to base 12.
12361
What is 1751 (base 11) in base 3?
10001202
Convert 561 (base 9) to base 11.
389
What is 1703 (base 10) in base 4?
122213
7556 (base 10) to base 5
220211
What is -1022122 (base 3) in base 2?
-1111000010
-796 (base 12)